8 - -8?
-80
In base 6, what is 0 + 4225?
4225
In base 14, what is a - 474?
-468
In base 3, what is 12 + 12210?
12222
In base 13, what is 4 - -192?
196
In base 12, what is 731 - 0?
731
In base 4, what is -1 + -222103?
-222110
In base 2, what is 110010111101101 + 101?
110010111110010
In base 12, what is 7a - -5?
83
In base 6, what is 1 + 13243?
13244
In base 9, what is 13 - -214?
227
In base 10, what is -889 - -1?
-888
In base 13, what is 0 + -12c?
-12c
In base 12, what is -1 + -29?
-2a
In base 8, what is 27 + 101?
130
In base 3, what is 10 - 2201121?
-2201111
In base 2, what is 11101 + 1100111?
10000100
In base 9, what is 5236 + 0?
5236
In base 11, what is -43 - 29?
-71
In base 8, what is 1 + -3710?
-3707
In base 5, what is 3 - -22?
30
In base 7, what is 131 - 0?
131
In base 3, what is -21021 - -1221?
-12100
In base 14, what is -8 - -148?
140
In base 9, what is 0 + -217?
-217
In base 14, what is -4cc - -1?
-4cb
In base 13, what is 4 + 3092?
3096
In base 12, what is -3984 - 3?
-3987
In base 6, what is 3541 + -20?
3521
In base 14, what is -2 - 5?
-7
In base 5, what is 20 - -11?
31
In base 11, what is -50 + 2?
-49
In base 2, what is 10000 + 11111111?
100001111
In base 16, what is -c + -d?
-19
In base 12, what is 0 + -110?
-110
In base 11, what is 1 + -39?
-38
In base 4, what is 3 - 131?
-122
In base 10, what is -602 + 5?
-597
In base 7, what is -1 + 3432?
3431
In base 14, what is 5 - -1d2?
1d7
In base 3, what is 1111101 + 10?
1111111
In base 8, what is 152 + -1?
151
In base 5, what is -1 + -141?
-142
In base 13, what is -1 + 201?
200
In base 15, what is -6cb + 5?
-6c6
In base 4, what is 1 - -10102?
10103
In base 11, what is 362 - 8?
355
In base 5, what is -3 + -40?
-43
In base 11, what is 2 - 512?
-510
In base 9, what is 10 + 47?
57
In base 8, what is -1 + -124?
-125
In base 13, what is 4 - -66?
6a
In base 6, what is -2 + -35240?
-35242
In base 4, what is -20031 - 2?
-20033
In base 11, what is 179 + 0?
179
In base 10, what is -573 + -5?
-578
In base 12, what is 5 + -5?
0
In base 6, what is 2 - 15?
-13
In base 15, what is -4 + -19?
-1d
In base 13, what is -2 + -10?
-12
In base 6, what is 5 - -125?
134
In base 12, what is -1294a + -3?
-12951
In base 13, what is -6 - 19a?
-1a3
In base 9, what is -26 - -85?
58
In base 16, what is 8 + -121?
-119
In base 5, what is 3 - 102040?
-102032
In base 12, what is 4 - 123?
-11b
In base 13, what is 12b - 1?
12a
In base 12, what is -10499 + -1?
-1049a
In base 7, what is -650 + 1?
-646
In base 3, what is 12 - 10212?
-10200
In base 14, what is -3 + -124a?
-124d
In base 2, what is 1001011 - -100?
1001111
In base 14, what is -cca + 4?
-cc6
In base 13, what is -3 - 66?
-69
In base 12, what is 31 - -3?
34
In base 10, what is -7 - 13?
-20
In base 9, what is 4 + 7?
12
In base 7, what is -101 - 366?
-500
In base 6, what is 1 - 144?
-143
In base 15, what is 3574 - -5?
3579
In base 7, what is -211 - 3?
-214
In base 3, what is -120110 - 2?
-120112
In base 7, what is 116 - 1?
115
In base 4, what is 113120 + 0?
113120
In base 15, what is -2 - -89?
87
In base 16, what is -6 + -b?
-11
In base 13, what is 2 - -2c?
31
In base 2, what is -1001001101 + 1?
-1001001100
In base 16, what is 0 + 25e?
25e
In base 15, what is -5d + 4?
-59
In base 13, what is 2c - 8?
24
In base 8, what is -127 + -11?
-140
In base 13, what is 1c3 + -4?
1bc
In base 4, what is 230 + 20?
310
In base 2, what is -101 - 10011001?
-10011110
In base 11, what is -402 + -4?
-406
In base 4, what is 213213 - 10?
213203
In base 15, what is -1 - 345?
-346
In base 7, what is -16 - 0?
-16
In base 3, what is 220221 - -1?
220222
In base 4, what is 311 - -1?
312
In base 5, what is 4 - 1423?
-1414
In base 6, what is 521 - 3?
514
In base 14, what is 1 + -1c6?
-1c5
In base 12, what is -4 - 225?
-229
In base 6, what is -20 + 22?
2
In base 3, what is -1001 - -211211?
210210
In base 9, what is 7 + 11?
18
In base 14, what is -3 + 7c?
79
In base 14, what is 5 - -128?
12d
In base 7, what is -3655 + -4?
-3662
In base 8, what is 1 - -153?
154
In base 11, what is -4308 - 1?
-4309
In base 6, what is 250 - 1?
245
In base 7, what is -4 + 134?
130
In base 7, what is 5 + -3023?
-3015
In base 11, what is 5998 - -1?
5999
In base 14, what is -2 - -3?
1
In base 11, what is -335 - 0?
-335
In base 4, what is -313 + 1?
-312
In base 12, what is -39 + 0?
-39
In base 12, what is -37 + 43?
8
In base 9, what is -55 + 3?
-52
In base 8, what is 5 + -6635?
-6630
In base 12, what is -2 + -b0?
-b2
In base 11, what is -2 - -1433?
1431
In base 6, what is 53 - -25?
122
In base 7, what is 3 - 135?
-132
In base 12, what is -892 - 1?
-893
In base 14, what is -4 - -c6?
c2
In base 2, what is 100 + -10000?
-1100
In base 10, what is -14 - -33?
19
In base 12, what is 23 - -3a?
61
In base 8, what is 171 + 1?
172
In base 8, what is 17 + -5?
12
In base 5, what is 1333 + 111?
1444
In base 15, what is -22 + -86?
-a8
In base 4, what is -123 - -13?
-110
In base 7, what is 11 + 304?
315
In base 12, what is -5 - 3?
-8
In base 3, what is 0 + 10020220?
10020220
In base 4, what is 10 - 13?
-3
In base 14, what is -332 - 8?
-33a
In base 16, what is 2 - -15?
17
In base 12, what is 0 - -83?
83
In base 4, what is 101 + -30013?
-23312
In base 14, what is -1 + 3c?
3b
In base 7, what is -1 - -53?
52
In base 14, what is -1 - 6c?
-6d
In base 2, what is -111001 - -10?
-110111
In base 14, what is -3 + -a2?
-a5
In base 11, what is -4 + 6a?
66
In base 3, what is 11100011 + -1?
11100010
In base 10, what is -4 + 903?
899
In base 7, what is 21 - -2516?
2540
In base 5, what is 23 + 1112?
1140
In base 9, what is 710 - 3?
706
In base 15, what is -1 + -5b?
-5c
In base 7, what is -5112 + 5?
-5104
In base 8, what is -5 - -55?
50
In base 8, what is 53 + 22?
75
In base 7, what is -52 - 151?
-233
In base 15, what is -19 + -95?
-ae
In base 2, what is -1110 + 11010?
1100
In base 3, what is -20202 - 12?
-20221
In base 11, what is 28 - -4?
31
In base 9, what is -671 + -5?
-676
In base 3, what is 220 + 222?
1212
In base 11, what is -5 - -1937?
1932
In base 9, what is 745 + 22?
767
In base 4, what is 121 + -11?
110
In base 5, what is 201104 - -10?
201114
In base 8, what is 3 + -665?
-662
In base 11, what is 4 - -333?
337
In base 16, what is 8c7 - -3?
8ca
In base 12, what is -5 - 38a?
-393
In base 3, what is 210 + -1?
202
In base 7, what is -441 - -21?
-420
In base 11, what is -6 - 0?
-6
In base 12, what is -3 + 47?
44
In base 11, what is 125 + 44?
169
In base 12, what is 158 + -2?
156
In base 3, what is 2 + -100122?
-100120
In base 9, what is 237 - 6?
231
In base 9, what is 13 + 562?
575
In base 9, what is -4 - 357?
-362
In base 12, what is 3377 - 3?
3374
In base 6, what is 1120 + -2?
1114
In base 6, what is 12 + 53?
105
In base 11, what is 1 + -321?
-320
In base 8, what is 0 - 73?
-73
In base 2, what is -1000 - -1010100100?
1010011100
In base 13, what is 14 - 14b?
-137
In base 10, what is -6409 + 2?
-6407
In base 15, what is 6 - 3d8?
-3d2
In base 15, what is 3 + -30?
-2c
In base 11, what is 1 + -23a?
-239
In base 14, what is -57 - 5?
-5c
In base 16, what is -e - 172?
-180
In base 7, what is -24 + 21?
-3
In base 10, what is 7 - -8?
15
In base 10, what is -3 + 553?
550
In base 5, what is 1223444 - 3?
1223441
In base 8, what is -3 - 6370?
-6373
In base 5, what is 4 + 23034?
23043
In base 11, what is 40 - -39?
79
In base 14, what is -49d - -5?
-498
In base 9, what is -7 - 38?
-46
In base 9, what is 154 - -2?
156
In base 13, what is -20 + 3?
-1a
In base 15, what is 2 - -12?
14
In base 8, what is -5 - 206?
-213
In base 5, what is 312 + 414?
1231
In base 5, what is 1043 + 1?
1044
In base 15, what is -10 - -113?
103
In base 6, what is 13 - -20?
33
In base 2, what is -110011111 + -11?
-110100010
In base 11, what is 484 + -1?
483
In base 7, what is -3 + 1506?
1503
In base 16, what is -3 - -146?
143
In base 10, what is 6 - -5677?
5683
In base 13, what is -9b1 - 5?
-9b6
In base 7, what is 0 + 3542?
3542
In base 10, what is -156 + 2?
-154
In base 10, what is -775 - 4?
-779
In base 9, what is 0 - -113?
113
In base 5, what is -2 + -43?
-100
In base 7, what is 3053 + -4?
3046
In base 16, what is -5 - 3?
-8
In base 11, what is -3 + 4?
1
In base 16, what is 105d + 2?
105f
In base 11, what is 791 - 4?
788
In base 12, what is -1001 + 3?
-bba
In base 9, what is 2 + 745?
747
In bas